{"id":1074,"date":"2026-03-08T18:00:00","date_gmt":"2026-03-08T16:00:00","guid":{"rendered":"https:\/\/humpparalli.in\/?page_id=1074"},"modified":"2026-04-16T20:25:30","modified_gmt":"2026-04-16T17:25:30","slug":"ohjelma-2","status":"publish","type":"page","link":"https:\/\/humpparalli.in\/?page_id=1074","title":{"rendered":"Esiintyj\u00e4t 2026"},"content":{"rendered":"\n<p class=\"has-text-align-center\" style=\"font-size:25px\"><strong>TANSSILATO<\/strong><\/p>\n\n\n\n<div class=\"wp-block-columns is-layout-flex wp-container-core-columns-is-layout-1 wp-block-columns-is-layout-flex\">\n<div class=\"wp-block-column is-layout-flow wp-block-column-is-layout-flow\" style=\"flex-basis:100%\"><div class=\"wp-block-image\">\n<figure class=\"aligncenter size-large is-resized\"><img loading=\"lazy\" decoding=\"async\" width=\"639\" height=\"1024\" src=\"http:\/\/humpparalli.in\/wp-content\/uploads\/2026\/03\/poutahaukat-mrb-1-639x1024.png\" alt=\"\" class=\"wp-image-1444\" style=\"width:650px\" srcset=\"https:\/\/humpparalli.in\/wp-content\/uploads\/2026\/03\/poutahaukat-mrb-1-639x1024.png 639w, https:\/\/humpparalli.in\/wp-content\/uploads\/2026\/03\/poutahaukat-mrb-1-187x300.png 187w, https:\/\/humpparalli.in\/wp-content\/uploads\/2026\/03\/poutahaukat-mrb-1-768x1231.png 768w, https:\/\/humpparalli.in\/wp-content\/uploads\/2026\/03\/poutahaukat-mrb-1-959x1536.png 959w, https:\/\/humpparalli.in\/wp-content\/uploads\/2026\/03\/poutahaukat-mrb-1-1278x2048.png 1278w, https:\/\/humpparalli.in\/wp-content\/uploads\/2026\/03\/poutahaukat-mrb-1.png 1692w\" sizes=\"auto, (max-width: 639px) 100vw, 639px\" \/><\/figure><\/div><\/div>\n<\/div>\n\n\n\n<div class=\"wp-block-columns is-layout-flex wp-container-core-columns-is-layout-2 wp-block-columns-is-layout-flex\">\n<div class=\"wp-block-column is-layout-flow wp-block-column-is-layout-flow\"><div class=\"wp-block-image\">\n<figure class=\"aligncenter size-large is-resized\"><img loading=\"lazy\" decoding=\"async\" width=\"1024\" height=\"816\" src=\"http:\/\/humpparalli.in\/wp-content\/uploads\/2026\/03\/Hirvonen_onnentahti-1-1024x816.png\" alt=\"\" class=\"wp-image-1483\" style=\"width:650px\" srcset=\"https:\/\/humpparalli.in\/wp-content\/uploads\/2026\/03\/Hirvonen_onnentahti-1-1024x816.png 1024w, https:\/\/humpparalli.in\/wp-content\/uploads\/2026\/03\/Hirvonen_onnentahti-1-300x239.png 300w, https:\/\/humpparalli.in\/wp-content\/uploads\/2026\/03\/Hirvonen_onnentahti-1-768x612.png 768w, https:\/\/humpparalli.in\/wp-content\/uploads\/2026\/03\/Hirvonen_onnentahti-1.png 1160w\" sizes=\"auto, (max-width: 1024px) 100vw, 1024px\" \/><\/figure><\/div><\/div>\n<\/div>\n\n\n\n<div class=\"wp-block-columns is-layout-flex wp-container-core-columns-is-layout-3 wp-block-columns-is-layout-flex\">\n<div class=\"wp-block-column is-layout-flow wp-block-column-is-layout-flow\"><div class=\"wp-block-image\">\n<figure class=\"aligncenter size-large is-resized\"><img loading=\"lazy\" decoding=\"async\" width=\"698\" height=\"1024\" src=\"https:\/\/humpparalli.in\/wp-content\/uploads\/2026\/04\/gron-698x1024.png\" alt=\"\" class=\"wp-image-1514\" style=\"width:650px\" srcset=\"https:\/\/humpparalli.in\/wp-content\/uploads\/2026\/04\/gron-698x1024.png 698w, https:\/\/humpparalli.in\/wp-content\/uploads\/2026\/04\/gron-205x300.png 205w, https:\/\/humpparalli.in\/wp-content\/uploads\/2026\/04\/gron-768x1126.png 768w, https:\/\/humpparalli.in\/wp-content\/uploads\/2026\/04\/gron-1047x1536.png 1047w, https:\/\/humpparalli.in\/wp-content\/uploads\/2026\/04\/gron-1396x2048.png 1396w, https:\/\/humpparalli.in\/wp-content\/uploads\/2026\/04\/gron.png 1922w\" sizes=\"auto, (max-width: 698px) 100vw, 698px\" \/><\/figure><\/div><\/div>\n<\/div>\n\n\n\n<div class=\"wp-block-columns is-layout-flex wp-container-core-columns-is-layout-4 wp-block-columns-is-layout-flex\">\n<div class=\"wp-block-column is-layout-flow wp-block-column-is-layout-flow\"><div class=\"wp-block-image\">\n<figure class=\"aligncenter size-large is-resized\"><img loading=\"lazy\" decoding=\"async\" width=\"1024\" height=\"1024\" src=\"https:\/\/humpparalli.in\/wp-content\/uploads\/2026\/03\/aki-samuli-1024x1024.png\" alt=\"\" class=\"wp-image-1491\" style=\"width:650px\" srcset=\"https:\/\/humpparalli.in\/wp-content\/uploads\/2026\/03\/aki-samuli-1024x1024.png 1024w, https:\/\/humpparalli.in\/wp-content\/uploads\/2026\/03\/aki-samuli-300x300.png 300w, https:\/\/humpparalli.in\/wp-content\/uploads\/2026\/03\/aki-samuli-150x150.png 150w, https:\/\/humpparalli.in\/wp-content\/uploads\/2026\/03\/aki-samuli-768x768.png 768w, https:\/\/humpparalli.in\/wp-content\/uploads\/2026\/03\/aki-samuli-1536x1536.png 1536w, https:\/\/humpparalli.in\/wp-content\/uploads\/2026\/03\/aki-samuli.png 2048w\" sizes=\"auto, (max-width: 1024px) 100vw, 1024px\" \/><\/figure><\/div><\/div>\n<\/div>\n\n\n\n<div class=\"wp-block-columns is-layout-flex wp-container-core-columns-is-layout-5 wp-block-columns-is-layout-flex\">\n<div class=\"wp-block-column is-layout-flow wp-block-column-is-layout-flow\"><div class=\"wp-block-image\">\n<figure class=\"aligncenter size-large is-resized\"><img loading=\"lazy\" decoding=\"async\" width=\"1024\" height=\"1024\" src=\"http:\/\/humpparalli.in\/wp-content\/uploads\/2026\/04\/kyosti-orkesteri-1024x1024.png\" alt=\"\" class=\"wp-image-1509\" style=\"width:650px\" srcset=\"https:\/\/humpparalli.in\/wp-content\/uploads\/2026\/04\/kyosti-orkesteri-1024x1024.png 1024w, https:\/\/humpparalli.in\/wp-content\/uploads\/2026\/04\/kyosti-orkesteri-300x300.png 300w, https:\/\/humpparalli.in\/wp-content\/uploads\/2026\/04\/kyosti-orkesteri-150x150.png 150w, https:\/\/humpparalli.in\/wp-content\/uploads\/2026\/04\/kyosti-orkesteri-768x769.png 768w, https:\/\/humpparalli.in\/wp-content\/uploads\/2026\/04\/kyosti-orkesteri.png 1508w\" sizes=\"auto, (max-width: 1024px) 100vw, 1024px\" \/><\/figure><\/div><\/div>\n<\/div>\n\n\n\n<p class=\"has-text-align-center has-small-font-size\"><br>J\u00e4rjest\u00e4j\u00e4 pid\u00e4tt\u00e4\u00e4 oikeuden muutoksiin.<\/p>\n\n\n\n<p><\/p>\n","protected":false},"excerpt":{"rendered":"<p>TANSSILATO J\u00e4rjest\u00e4j\u00e4 pid\u00e4tt\u00e4\u00e4 oikeuden muutoksiin.<\/p>\n","protected":false},"author":6,"featured_media":0,"parent":0,"menu_order":0,"comment_status":"closed","ping_status":"closed","template":"page-info.php","meta":{"footnotes":""},"class_list":["post-1074","page","type-page","status-publish","hentry"],"_links":{"self":[{"href":"https:\/\/humpparalli.in\/index.php?rest_route=\/wp\/v2\/pages\/1074","targetHints":{"allow":["GET"]}}],"collection":[{"href":"https:\/\/humpparalli.in\/index.php?rest_route=\/wp\/v2\/pages"}],"about":[{"href":"https:\/\/humpparalli.in\/index.php?rest_route=\/wp\/v2\/types\/page"}],"author":[{"embeddable":true,"href":"https:\/\/humpparalli.in\/index.php?rest_route=\/wp\/v2\/users\/6"}],"replies":[{"embeddable":true,"href":"https:\/\/humpparalli.in\/index.php?rest_route=%2Fwp%2Fv2%2Fcomments&post=1074"}],"version-history":[{"count":53,"href":"https:\/\/humpparalli.in\/index.php?rest_route=\/wp\/v2\/pages\/1074\/revisions"}],"predecessor-version":[{"id":1516,"href":"https:\/\/humpparalli.in\/index.php?rest_route=\/wp\/v2\/pages\/1074\/revisions\/1516"}],"wp:attachment":[{"href":"https:\/\/humpparalli.in\/index.php?rest_route=%2Fwp%2Fv2%2Fmedia&parent=1074"}],"curies":[{"name":"wp","href":"https:\/\/api.w.org\/{rel}","templated":true}]}}